{"id":47,"date":"2015-12-19T10:56:53","date_gmt":"2015-12-19T09:56:53","guid":{"rendered":"http:\/\/thomas-ohme.de\/leben\/?page_id=47"},"modified":"2022-07-27T11:29:11","modified_gmt":"2022-07-27T09:29:11","slug":"buchtipps-und-links","status":"publish","type":"page","link":"http:\/\/thomas-ohme.de\/leben\/buchtipps-und-links\/","title":{"rendered":"Buchtipps und Links"},"content":{"rendered":"<p>Wichtige Werkzeuge f\u00fcr Sie im \u00dcberblick:<\/p>\n<p><strong>Beruf:<\/strong><\/p>\n<ul>\n<li>Lars Vollmer:&nbsp;<a href=\"http:\/\/larsvollmer.com\/zurueck-an-die-arbeit\/\" target=\"_blank\" rel=\"noopener noreferrer\">Zur\u00fcck an die Arbeit<\/a><\/li>\n<li>John Naish: <a href=\"https:\/\/www.luebbe.de\/bastei-luebbe\/buecher\/lebenshilfe\/genug\/id_3004253\" target=\"_blank\" rel=\"noopener noreferrer\">Genug<\/a><\/li>\n<li>John Strelecky: <a href=\"https:\/\/www.dtv.de\/buch\/john-strelecky-the-big-five-for-life-28019\/\" target=\"_blank\" rel=\"noopener noreferrer\">The Big Five For Live<\/a><\/li>\n<li>Sina Trinkwalder: <a href=\"https:\/\/womansbusinesstalk.wordpress.com\/2014\/04\/11\/zu-gast-im-womans-business-talk-sieben-fragen-an-sina-trinkwalder\/\" target=\"_blank\" rel=\"noopener noreferrer\">Womens Business&nbsp;Talk<\/a><\/li>\n<\/ul>\n<p><strong>Gesundheit:<\/strong><\/p>\n<ul>\n<li>Gabi Steiner:&nbsp;<a href=\"http:\/\/www.fetzer-buechershop.com\/von-mensch-zu-mensch-1\" target=\"_blank\" rel=\"noopener noreferrer\">Von Mensch zu Mensch 1<\/a><\/li>\n<li>Gabi Steiner:&nbsp;<a href=\"http:\/\/www.fetzer-buechershop.com\/von-mensch-zu-mensch-2\" target=\"_blank\" rel=\"noopener noreferrer\">Von Mensch zu Mensch 2<\/a><\/li>\n<li>Andreas Joop:&nbsp;<a href=\"http:\/\/www.jopp-online.com\/de\/eiweiss--das-erfolgsprogramm.html\" target=\"_blank\" rel=\"noopener noreferrer\">Eiwei\u00df \u2013 Das Erfolgsprogramm<\/a><\/li>\n<li>Andreas Joop:&nbsp;<a href=\"http:\/\/www.jopp-online.com\/de\/fit-mit-fett.html\" target=\"_blank\" rel=\"noopener noreferrer\">Fit mit Fett<\/a><\/li>\n<li>Andreas Joop:&nbsp;<a href=\"http:\/\/www.jopp-online.com\/de\/risikofaktor-vitaminmangel.html\" target=\"_blank\" rel=\"noopener noreferrer\">Risikofaktor Vitaminmangel<\/a><\/li>\n<li>Andreas Joop:&nbsp;<a href=\"http:\/\/www.jopp-online.com\/de\/ich-rauche-gern-und-hoer-jetzt-auf-nichtraucher-in-30-tagen.html\" target=\"_blank\" rel=\"noopener noreferrer\">Ich rauche gern&nbsp;\u2026und h\u00f6r jetzt auf!&nbsp;Nichtraucher in 30 Tagen<\/a><\/li>\n<li>Slatco Sterzenbach: <a href=\"http:\/\/www.der-perfekte-tag.com\/cms\/index.php?lang=1&amp;idcatside=2\" target=\"_blank\" rel=\"noopener noreferrer\">Der perfekte Tag<\/a><\/li>\n<li>Professor J\u00f6rg Knoblauch: <a href=\"http:\/\/www.tempus.de\/shop\/Buecher--CDs--Hoerbuecher--Arbeitsmaterialien\/alle-47\/Wie-Sie-Schritt-fuer-Schritt-Ihre-Ziele-erreichen.html\" target=\"_blank\" rel=\"noopener noreferrer\">Wie Sie Schritt f\u00fcr Schritt Ihre Ziele erreichen<\/a><\/li>\n<li>Felix Pl\u00f6tz: <a href=\"http:\/\/www.ullsteinbuchverlage.de\/nc\/buch\/details\/das-4-stunden-startup-9783430202022.html\" target=\"_blank\" rel=\"noopener noreferrer\">Das 4-Stunden-Startup<\/a><\/li>\n<\/ul>\n<p><strong>Links:<\/strong><\/p>\n<p>Gesundheit<\/p>\n<ul>\n<li><a href=\"http:\/\/www.jopp-online.com\" target=\"_blank\" rel=\"noopener noreferrer\">Andreas Joop<\/a><\/li>\n<li><a href=\"http:\/\/slatco-sterzenbach.com\" target=\"_blank\" rel=\"noopener noreferrer\">Slatco Sterzenbach<\/a><\/li>\n<li><a href=\"https:\/\/m.youtube.com\/watch?v=dix8K0IaDjM\" target=\"_blank\" rel=\"noopener noreferrer\">Miriam Pielhau<\/a><\/li>\n<\/ul>\n<p>Glaube und Philosophie<\/p>\n<ul>\n<li><a href=\"http:\/\/david-brunner.de\/blog\/\" target=\"_blank\" rel=\"noopener noreferrer\">David Brunner<\/a><\/li>\n<li><a href=\"https:\/\/www.rupprecht.de\/shop\/article\/25333752\/notker_wolf_leo_g_linder_das_boese.html\" target=\"_blank\" rel=\"noopener noreferrer\">Notker Wolf: Das B\u00f6se<\/a><\/li>\n<li><a href=\"http:\/\/einfachlebenbrief.de\" target=\"_blank\" rel=\"noopener noreferrer\">Einfach leben<\/a><\/li>\n<li><a href=\"https:\/\/www.rupprecht.de\/shop\/article\/44759292\/annette_behnken_demut.html\" target=\"_blank\" rel=\"noopener\">Annette Behnken: Demut<\/a><\/li>\n<li><a href=\"https:\/\/www.rupprecht.de\/shop\/article\/9480399\/richard_rohr_pure_praesenz.html\" target=\"_blank\" rel=\"noopener\">Richard Rohr: Pure Pr\u00e4senz<\/a><\/li>\n<li><a href=\"https:\/\/www.rupprecht.de\/shop\/article\/36759159\/juergen_werth_und_immer_ist_noch_luft_nach_oben_.html\" target=\"_blank\" rel=\"noopener\">J\u00fcrgen Werth: &#8230; und immer ist noch Luft nach oben<\/a><\/li>\n<li><a href=\"https:\/\/www.rupprecht.de\/shop\/article\/33817634\/marli_huijer_ausser_takt.html\" target=\"_blank\" rel=\"noopener\">Marli Huijer: Au\u00dfer Takt<\/a><\/li>\n<li><a href=\"https:\/\/www.rupprecht.de\/shop\/article\/29745753\/marli_huijer_disziplin_.html\" target=\"_blank\" rel=\"noopener\">Marli Huijer: Disziplin<\/a><\/li>\n<\/ul>\n<p>Seminare und Kongresse<\/p>\n<ul>\n<li><a href=\"https:\/\/kcf.de\/\" target=\"_blank\" rel=\"noopener noreferrer\">Kongress christlicher F\u00fchrungskr\u00e4fte<\/a><\/li>\n<li><a href=\"https:\/\/www.faktor-c.org\/ue58\/\" target=\"_blank\" rel=\"noopener\">Faktor C: &#8222;wir packen das an&#8220; das Wochenende der \u00dc58<\/a><\/li>\n<\/ul>\n<p>Lebensfreude<\/p>\n<ul>\n<li><a href=\"http:\/\/thomas-ohme.de\/leben\/lebensfreude-pur-die-schoenste-aussicht-die-es-gibt\/\" target=\"_blank\" rel=\"noopener noreferrer\">Das Leben genie\u00dfen &#8211; bei wertvollen Gespr\u00e4chen, einem guten Essen und einem Glas Wein<\/a><\/li>\n<li><a href=\"http:\/\/www.garten-wuest.de\/startseite\/herzlich-willkommen-1.html\" target=\"_blank\" rel=\"noopener noreferrer\">Herzlich Willkommen in unserem Garten<\/a><\/li>\n<li><a href=\"http:\/\/inseltraumleben.de\" target=\"_blank\" rel=\"noopener noreferrer\">Inseltraum leben<\/a><\/li>\n<li><a href=\"https:\/\/www.wurzelwerk.net\/blog\/\" target=\"_blank\" rel=\"noopener noreferrer\">Wurzelwerk<\/a><\/li>\n<li><a href=\"http:\/\/livingthehealthychoice.com\/de\" target=\"_blank\" rel=\"home noopener noreferrer\">Living The Healthy Choice<\/a><\/li>\n<\/ul>\n","protected":false},"excerpt":{"rendered":"<p>Wichtige Werkzeuge f\u00fcr Sie im \u00dcberblick: Beruf: Lars Vollmer:&nbsp;Zur\u00fcck an die Arbeit John Naish: Genug John Strelecky: The Big Five For Live Sina Trinkwalder: Womens Business&nbsp;Talk Gesundheit: Gabi Steiner:&nbsp;Von Mensch zu Mensch 1 Gabi Steiner:&nbsp;Von Mensch zu Mensch 2 Andreas &hellip; <a href=\"http:\/\/thomas-ohme.de\/leben\/buchtipps-und-links\/\">Weiter<\/a><\/p>\n","protected":false},"author":1,"featured_media":0,"parent":0,"menu_order":0,"comment_status":"closed","ping_status":"closed","template":"","meta":{"ngg_post_thumbnail":0,"jetpack_post_was_ever_published":false},"jetpack_sharing_enabled":true,"jetpack_shortlink":"https:\/\/wp.me\/P73udh-L","_links":{"self":[{"href":"http:\/\/thomas-ohme.de\/leben\/wp-json\/wp\/v2\/pages\/47"}],"collection":[{"href":"http:\/\/thomas-ohme.de\/leben\/wp-json\/wp\/v2\/pages"}],"about":[{"href":"http:\/\/thomas-ohme.de\/leben\/wp-json\/wp\/v2\/types\/page"}],"author":[{"embeddable":true,"href":"http:\/\/thomas-ohme.de\/leben\/wp-json\/wp\/v2\/users\/1"}],"replies":[{"embeddable":true,"href":"http:\/\/thomas-ohme.de\/leben\/wp-json\/wp\/v2\/comments?post=47"}],"version-history":[{"count":32,"href":"http:\/\/thomas-ohme.de\/leben\/wp-json\/wp\/v2\/pages\/47\/revisions"}],"predecessor-version":[{"id":1433,"href":"http:\/\/thomas-ohme.de\/leben\/wp-json\/wp\/v2\/pages\/47\/revisions\/1433"}],"wp:attachment":[{"href":"http:\/\/thomas-ohme.de\/leben\/wp-json\/wp\/v2\/media?parent=47"}],"curies":[{"name":"wp","href":"https:\/\/api.w.org\/{rel}","templated":true}]}}