{"id":177,"date":"2022-12-02T07:50:43","date_gmt":"2022-12-02T06:50:43","guid":{"rendered":"https:\/\/thomas-ohme.de\/glaubensweg0\/?page_id=177"},"modified":"2022-12-02T07:50:43","modified_gmt":"2022-12-02T06:50:43","slug":"station-i-geschaffen","status":"publish","type":"page","link":"https:\/\/thomas-ohme.de\/glaubensweg0\/station-i-geschaffen\/","title":{"rendered":"Station I &#8211; Geschaffen"},"content":{"rendered":"\n<figure class=\"wp-block-image size-large\"><img loading=\"lazy\" decoding=\"async\" width=\"769\" height=\"1024\" src=\"https:\/\/thomas-ohme.de\/glaubensweg0\/wp-content\/uploads\/2022\/12\/gw-1-ottenssos-1110x1480-1-769x1024.png\" alt=\"\" class=\"wp-image-46\" srcset=\"https:\/\/thomas-ohme.de\/glaubensweg\/wp-content\/uploads\/2022\/12\/gw-1-ottenssos-1110x1480-1-769x1024.png 769w, https:\/\/thomas-ohme.de\/glaubensweg\/wp-content\/uploads\/2022\/12\/gw-1-ottenssos-1110x1480-1-225x300.png 225w, https:\/\/thomas-ohme.de\/glaubensweg\/wp-content\/uploads\/2022\/12\/gw-1-ottenssos-1110x1480-1-768x1023.png 768w, https:\/\/thomas-ohme.de\/glaubensweg\/wp-content\/uploads\/2022\/12\/gw-1-ottenssos-1110x1480-1.png 1110w\" sizes=\"(max-width: 769px) 100vw, 769px\" \/><figcaption class=\"wp-element-caption\">Station I &#8211; Geschaffen<\/figcaption><\/figure>\n\n\n\n<p><strong>Station I &#8211; Geschaffen<\/strong><\/p>\n\n\n\n<p><strong>Symbolik:<\/strong><br>vom Keimling zur reifen \u00c4hre, Kreis<\/p>\n\n\n\n<p><strong>Bibelwort:<\/strong><br>\u201eHerr, du bist unsere Zuflucht f\u00fcr und f\u00fcr. Ehe denn die Berge wurden und die Erde und die Welt geschaffen wurden, bist du, Gott, von Ewigkeit zu Ewigkeit.&#8220; (Psalm 90, 1-2)<\/p>\n\n\n\n<p><strong>Lage:<\/strong><br>am Flurweg zwischen Reichardsroth und Gailshofen<\/p>\n\n\n\n<p><strong>Meditation:<\/strong><br>Diese Station l\u00e4dt Sie ein zum Staunen.<br>Das Biotop und die Senke dieses Ortes mag ein Hinweis sein, dass Leben aus der Tiefe, aus dem Wasser kam.<br>Sp\u00fcren Sie dem Wunder des Lebens nach:<br>Es ist nicht selbstverst\u00e4ndlich, dass es mich gibt.<br>Ich bin einmalig. Keiner h\u00f6rt, sieht, denkt und f\u00fchlt wie ich.<br>Zu selten mache ich mir das bewusst. Christen bekennen sich zu Gott, dem Sch\u00f6pfer des Himmels und der Erde. Werde ich Gott heute daf\u00fcr danken, dass er mich wunderbar gemacht hat? Menschen jedenfalls haben das Leben nicht gemacht. Vor 230 Millionen Jahren ist der Muschelkalkstein entstanden, aus dem die vier Stationen des Glaubensweges gehauen sind. Der Stein ist \u00e4lter als menschliches Leben auf dieser Erde. Ja, er war selbst Leben in Gestalt von Muscheltieren, die sich am Grund des germanischen Triasmeeres abgesetzt haben. Ein Beispiel ist die am Rand des unteren Blockes angebrachte Versteinerung eines \u201enautilus bidorsatus&#8220;. Was ist mein kurzes Leben im Zusammenhang dieser unvorstellbaren Dimensionen der Sch\u00f6pfung? Ich bin ein kleiner Teil eines gro\u00dfen, geordneten Ganzen, eingebunden in die lebenswichtigen Elemente Sonne (Feuer), Wasser, Erde und Luft. Ich lebe vom Brot, das die Erde hervorbringt.<\/p>\n\n\n\n<p>Auf dem Stein entdecke ich die verschiedenen Pflanzenstadien vom Keimling bis zur \u00c4hre. Der Kreis mag f\u00fcr die Kreisl\u00e4ufe in der Natur stehen, f\u00fcr das Werden und Vergehen, f\u00fcr einen Laib Brot oder f\u00fcr die Ewigkeit. Das Bibelwort verl\u00e4uft denn auch von unten nach oben und erinnert an den, der \u00fcber allem ist.<\/p>\n\n\n\n<p>Ich will sensibel werden f\u00fcr das, was mich umgibt und f\u00fcr das, wovon ich lebe. Ich will mich freuen an dem Lufthauch, an den w\u00e4rmenden Sonnenstrahlen, an den Regentropfen im Gesicht, an Pflanzen und Tieren. Behutsam will ich sein und sch\u00fctzen, was meinen Schutz braucht.<\/p>\n\n\n\n<p><strong>Geschichtliches:<\/strong><br>Der Flurname dieser Gegend lautet \u201eArmenruh&#8220;. Todeskanditaten, die einst im Burggef\u00e4ngnis von Endsee eingesperrt waren, wurden auf einem bestimmten Weg zum Galgen nach Reichardsroth gef\u00fchrt und an bestimmten Stellen \u201ebeschrieen&#8220;. So wurde der Grund ihrer Hinrichtung bekannt gemacht. Am Armenruhacker durften sie ein letztes Mal ausruhen, bevor sie im Galgenholz bei Reichardsroth aufgeh\u00e4ngt wurden. In den Flurnamen \u201eArme Ruh\u201e, Galgen\u00e4cker, Galgenwasen, Galgenholz und Galgenh\u00f6h lebt noch die Erinnerung, dass in Reichardsroth bis 1525 das Zentgericht tagte. Das letzte Bluturteil wurde 1400 in Reichardsroth gef\u00e4llt und vollzogen. Von da an war das Landgericht Rothenburg f\u00fcr Kapitalverbrechen zust\u00e4ndig.<\/p>\n","protected":false},"excerpt":{"rendered":"<p>Station I &#8211; Geschaffen Symbolik:vom Keimling zur reifen \u00c4hre, Kreis Bibelwort:\u201eHerr, du bist unsere Zuflucht f\u00fcr und f\u00fcr. Ehe denn die Berge wurden und die Erde und die Welt geschaffen wurden, bist du, Gott, von Ewigkeit zu Ewigkeit.&#8220; (Psalm 90, 1-2) Lage:am Flurweg zwischen Reichardsroth und Gailshofen Meditation:Diese Station l\u00e4dt Sie ein zum Staunen.Das Biotop [&hellip;]<\/p>\n","protected":false},"author":1,"featured_media":0,"parent":0,"menu_order":0,"comment_status":"closed","ping_status":"closed","template":"","meta":{"ngg_post_thumbnail":0,"footnotes":""},"_links":{"self":[{"href":"https:\/\/thomas-ohme.de\/glaubensweg0\/wp-json\/wp\/v2\/pages\/177"}],"collection":[{"href":"https:\/\/thomas-ohme.de\/glaubensweg0\/wp-json\/wp\/v2\/pages"}],"about":[{"href":"https:\/\/thomas-ohme.de\/glaubensweg0\/wp-json\/wp\/v2\/types\/page"}],"author":[{"embeddable":true,"href":"https:\/\/thomas-ohme.de\/glaubensweg0\/wp-json\/wp\/v2\/users\/1"}],"replies":[{"embeddable":true,"href":"https:\/\/thomas-ohme.de\/glaubensweg0\/wp-json\/wp\/v2\/comments?post=177"}],"version-history":[{"count":1,"href":"https:\/\/thomas-ohme.de\/glaubensweg0\/wp-json\/wp\/v2\/pages\/177\/revisions"}],"predecessor-version":[{"id":178,"href":"https:\/\/thomas-ohme.de\/glaubensweg0\/wp-json\/wp\/v2\/pages\/177\/revisions\/178"}],"wp:attachment":[{"href":"https:\/\/thomas-ohme.de\/glaubensweg0\/wp-json\/wp\/v2\/media?parent=177"}],"curies":[{"name":"wp","href":"https:\/\/api.w.org\/{rel}","templated":true}]}}