{"id":207,"date":"2022-12-02T08:40:58","date_gmt":"2022-12-02T07:40:58","guid":{"rendered":"https:\/\/thomas-ohme.de\/glaubensweg0\/?page_id=207"},"modified":"2022-12-02T08:40:58","modified_gmt":"2022-12-02T07:40:58","slug":"glaube","status":"publish","type":"page","link":"https:\/\/thomas-ohme.de\/glaubensweg0\/glaube\/","title":{"rendered":"Glaube"},"content":{"rendered":"\n<p>Glaube beginnt, indem ich mich auf den Weg mache.<\/p>\n\n\n\n<p>Der Glaube versetzt Berge.<br>Jesus (Mt 17, 20)<\/p>\n\n\n\n<p>Dein Glaube hat dir geholfen.<br>Jesus<\/p>\n\n\n\n<p>Alle Dinge sind m\u00f6glich dem, der da glaubt.<br>Markusevangelium 9, 23<\/p>\n\n\n\n<p>Wenn ich allen Glauben h\u00e4tte, so dass ich Berge versetzen k\u00f6nnte,<br>und h\u00e4tte die Liebe nicht, so w\u00e4re ich nichts.<br>Paulus (1. Kor. 13, 2)<\/p>\n\n\n\n<p>Glaubt an das Licht, solange ihr\u2019s habt,<br>damit ihr Kinder des Lichtes werdet.<br>Johannesevangelium 12, 12<\/p>\n\n\n\n<p>Es ist aber der Glaube eine feste Zuversicht auf das, was man hofft,<br>und ein Nichtzweifeln an dem, was man nicht sieht.<br>Hebr\u00e4erbrief 11, 1<\/p>\n\n\n\n<p>Glauben ist nichts anderes, als<br>f\u00fcr wahr halten, was man nicht sieht.<br>Augustinus<\/p>\n\n\n\n<p>Ich glaube um zu verstehen.<br>(credo ut intelligam)<br>Anselm<\/p>\n\n\n\n<p>Ich erkenne, um zu glauben.<br>Thomas von Aquin<\/p>\n\n\n\n<p>Der Glaube ist eine Erfahrung mit der Erfahrung.<br>Eberhard J\u00fcngel<\/p>\n\n\n\n<p>\u201eWer glaubt, ist nicht allein.\u201e<br>Papst Benedikt XVI.<\/p>\n\n\n\n<p>An einen Gott glauben hei\u00dft,<br>die Frage nach dem Sinn des Lebens verstehen.<br>An einen Gott glauben, hei\u00dft<br>sehen, dass es mit den Tatsachen der Welt noch nicht getan ist.<br>An einen Gott glauben, hei\u00dft<br>sehen, dass das Leben einen Sinn hat.<br>Ludwig Wittgenstein (1889-1951)<\/p>\n\n\n\n<p>Das Auge, der Fl\u00fcgel eines Schmetterlings gen\u00fcgen,<br>um einen Gottesleugner zu zermalmen.<br>Denis Diderot (1713-1774)<\/p>\n\n\n\n<p>Das gro\u00dfe unzerst\u00f6rbare Wunder<br>ist der Menschenglaube an Wunder.<br>Jean Paul<\/p>\n\n\n\n<p>Dass wir einen Gott ahnen,<br>ist nur ein unzul\u00e4nglicher Beweis f\u00fcr sein Dasein.<br>Ein st\u00e4rkerer Beweis ist,<br>dass wir f\u00e4hig sind, an ihm zu zweifeln.<br>Arthur Schnitzler (1862 &#8211; 1931)<\/p>\n\n\n\n<p>Der Glaube kommt aus dem Herzen.<br>Die Vernunft muss ihn festigen.<br>Unbekannter Autor<\/p>\n\n\n\n<p>Die Naturwissenschaft ohne Religion ist lahm,<br>die Religion ohne Naturwissenschaft aber ist blind.<br>Albert Einstein (1879-1955)<\/p>\n\n\n\n<p>Es spielt keine Rolle, ob das, woran du glaubst, zutrifft.<br>Entscheidend ist, ob es dir hilft.<br>Peter Hohl<\/p>\n\n\n\n<p>F\u00fcr diejenigen, die an Gott glauben,<br>ist keine Erkl\u00e4rung notwendig,<br>f\u00fcr diejenigen, die nicht an Gott glauben,<br>ist keine Erkl\u00e4rung m\u00f6glich.<br>Franz Werfel (1890-1945)<\/p>\n\n\n\n<p>Glaube ist Vertrauen, nicht Wissenwollen.<br>Hermann Hesse (1877-1962)<\/p>\n\n\n\n<p>Glauben hei\u00dft:<br>Die Unbegreiflichkeit Gottes ein Leben lang aushalten.<br>Karl Rahner (1904-1984)<\/p>\n\n\n\n<p>Humanit\u00e4t ohne Glauben<br>ist wie eine Blume, der die Wurzel fehlt.<br>Golo Mann<\/p>\n\n\n\n<p>Im Flugzeug gibt es w\u00e4hrend starker Turbulenzen keine Atheisten.<br>Robert Lembke<\/p>\n\n\n\n<p>Ist es nicht seltsam, dass die Menschen so gern f\u00fcr ihre Religion fechten<br>und so ungern nach ihren Vorschriften leben?<br>Georg Christoph Lichtenberg (1742 &#8211; 1799)<\/p>\n\n\n\n<p>Mit Glauben allein kann man sehr wenig tun,<br>aber ohne ihn gar nichts.<br>Samuel Butler<\/p>\n\n\n\n<p>Wenn Du willst, dass Dein N\u00e4chster an Gott glaubt,<br>dann lass ihn sehen, was Gott aus Dir gemacht hat.<br>Ralph Waldo Emerson (1803-1882)<\/p>\n\n\n\n<p>Wo das Leid ist,<br>da kommen leicht auch die Liebe und der Glaube.<br>Peter Rosegger<\/p>\n\n\n\n<p>Wo Glaube, da Liebe;<br>wo Liebe, da Friede;<br>wo Friede, da Gott;<br>wo Gott, da keine Not.<br>Unbekannter Autor<\/p>\n\n\n\n<p>Wo Glaube ist, ist Hoffnung,<br>und wo Hoffnung ist, geschehen Wunder.<br>Unbekannter Autor<\/p>\n\n\n\n<p>Zu glauben ist schwer,<br>nichts zu glauben ist unm\u00f6glich.<br>Victor Hugo<\/p>\n\n\n\n<p>Glaube an Christum, in welchem ich dir zusage alle Gnade, Gerechtigkeit, Frieden und Freiheit;<br>glaubst du, so hast du, glaubst du nicht, so hast du nicht.<br>Martin Luther<\/p>\n\n\n\n<p>Ein Christenmensch lebt nicht in sich selbst,<br>sondern in Christo und seinem N\u00e4chsten,<br>in Christo durch den Glauben, im N\u00e4chsten durch die Liebe;<br>durch den Glauben f\u00e4hret er \u00fcber sich in Gott,<br>aus Gott f\u00e4hret er wieder unter sich durch die Liebe,<br>und bleibt doch immer in Gott und g\u00f6ttlicher Liebe\u2026<br>Martin Luther<\/p>\n","protected":false},"excerpt":{"rendered":"<p>Glaube beginnt, indem ich mich auf den Weg mache. Der Glaube versetzt Berge.Jesus (Mt 17, 20) Dein Glaube hat dir geholfen.Jesus Alle Dinge sind m\u00f6glich dem, der da glaubt.Markusevangelium 9, 23 Wenn ich allen Glauben h\u00e4tte, so dass ich Berge versetzen k\u00f6nnte,und h\u00e4tte die Liebe nicht, so w\u00e4re ich nichts.Paulus (1. Kor. 13, 2) Glaubt [&hellip;]<\/p>\n","protected":false},"author":1,"featured_media":0,"parent":0,"menu_order":0,"comment_status":"closed","ping_status":"closed","template":"","meta":{"ngg_post_thumbnail":0,"footnotes":""},"_links":{"self":[{"href":"https:\/\/thomas-ohme.de\/glaubensweg0\/wp-json\/wp\/v2\/pages\/207"}],"collection":[{"href":"https:\/\/thomas-ohme.de\/glaubensweg0\/wp-json\/wp\/v2\/pages"}],"about":[{"href":"https:\/\/thomas-ohme.de\/glaubensweg0\/wp-json\/wp\/v2\/types\/page"}],"author":[{"embeddable":true,"href":"https:\/\/thomas-ohme.de\/glaubensweg0\/wp-json\/wp\/v2\/users\/1"}],"replies":[{"embeddable":true,"href":"https:\/\/thomas-ohme.de\/glaubensweg0\/wp-json\/wp\/v2\/comments?post=207"}],"version-history":[{"count":1,"href":"https:\/\/thomas-ohme.de\/glaubensweg0\/wp-json\/wp\/v2\/pages\/207\/revisions"}],"predecessor-version":[{"id":208,"href":"https:\/\/thomas-ohme.de\/glaubensweg0\/wp-json\/wp\/v2\/pages\/207\/revisions\/208"}],"wp:attachment":[{"href":"https:\/\/thomas-ohme.de\/glaubensweg0\/wp-json\/wp\/v2\/media?parent=207"}],"curies":[{"name":"wp","href":"https:\/\/api.w.org\/{rel}","templated":true}]}}