{"id":80,"date":"2023-01-23T09:09:25","date_gmt":"2023-01-23T08:09:25","guid":{"rendered":"https:\/\/thomas-ohme.de\/photographie\/?page_id=80"},"modified":"2026-03-19T09:30:27","modified_gmt":"2026-03-19T08:30:27","slug":"impressum","status":"publish","type":"page","link":"https:\/\/thomas-ohme.de\/photographie\/impressum\/","title":{"rendered":"Impressum"},"content":{"rendered":"\n<p>Ich hei\u00dfe Thomas Ohme und habe 1982 meine Fotographen-Lehre abgeschlossen.<\/p>\n\n\n\n<p>Angefangen mit eigener Dunkelkammer habe ich meine Filme und Bilder selbst entwickelt. Sp\u00e4ter folgte die Besch\u00e4ftigung mit der Digital-Fotographie.<\/p>\n\n\n\n<p>Die Fotos k\u00f6nnen bei Nennung meines Namens als Urheber kostenlos f\u00fcr private Zwecke verwendet werden.<\/p>\n\n\n\n<p>&#8212;&#8212;&#8212;&#8212;&#8212;&#8212;&#8212;&#8212;&#8212;&#8212;&#8212;&#8212;&#8212;&#8212;&#8212;&#8212;&#8212;&#8212;&#8212;&#8212;&#8212;&#8212;&#8212;&#8212;&#8212;&#8212;&#8212;&#8212;&#8212;&#8212;&#8212;&#8212;&#8212;&#8212;&#8211;<\/p>\n\n\n\n<p>Thomas Ohme, Haardt 13, 91587 Adelshofen, <a href=\"mailto:thomas.ohme@gmx.de\">thomas.ohme@gmx.de<\/a><\/p>\n","protected":false},"excerpt":{"rendered":"<p>Ich hei\u00dfe Thomas Ohme und habe 1982 meine Fotographen-Lehre abgeschlossen. Angefangen mit eigener Dunkelkammer habe ich meine Filme und Bilder selbst entwickelt. Sp\u00e4ter folgte die Besch\u00e4ftigung mit der Digital-Fotographie. Die Fotos k\u00f6nnen bei Nennung meines Namens als Urheber kostenlos f\u00fcr private Zwecke verwendet werden. &#8212;&#8212;&#8212;&#8212;&#8212;&#8212;&#8212;&#8212;&#8212;&#8212;&#8212;&#8212;&#8212;&#8212;&#8212;&#8212;&#8212;&#8212;&#8212;&#8212;&#8212;&#8212;&#8212;&#8212;&#8212;&#8212;&#8212;&#8212;&#8212;&#8212;&#8212;&#8212;&#8212;&#8212;&#8211; Thomas Ohme, Haardt 13, 91587 Adelshofen, thomas.ohme@gmx.de<\/p>\n","protected":false},"author":1,"featured_media":0,"parent":0,"menu_order":0,"comment_status":"closed","ping_status":"closed","template":"","meta":{"ngg_post_thumbnail":0,"footnotes":""},"class_list":["post-80","page","type-page","status-publish","hentry"],"_links":{"self":[{"href":"https:\/\/thomas-ohme.de\/photographie\/wp-json\/wp\/v2\/pages\/80","targetHints":{"allow":["GET"]}}],"collection":[{"href":"https:\/\/thomas-ohme.de\/photographie\/wp-json\/wp\/v2\/pages"}],"about":[{"href":"https:\/\/thomas-ohme.de\/photographie\/wp-json\/wp\/v2\/types\/page"}],"author":[{"embeddable":true,"href":"https:\/\/thomas-ohme.de\/photographie\/wp-json\/wp\/v2\/users\/1"}],"replies":[{"embeddable":true,"href":"https:\/\/thomas-ohme.de\/photographie\/wp-json\/wp\/v2\/comments?post=80"}],"version-history":[{"count":4,"href":"https:\/\/thomas-ohme.de\/photographie\/wp-json\/wp\/v2\/pages\/80\/revisions"}],"predecessor-version":[{"id":244,"href":"https:\/\/thomas-ohme.de\/photographie\/wp-json\/wp\/v2\/pages\/80\/revisions\/244"}],"wp:attachment":[{"href":"https:\/\/thomas-ohme.de\/photographie\/wp-json\/wp\/v2\/media?parent=80"}],"curies":[{"name":"wp","href":"https:\/\/api.w.org\/{rel}","templated":true}]}}